c)?
6
Let u(g) = 13*g**3 - 12*g**2 + 18*g - 11. Let d(t) = -15*t**3 + 12*t**2 - 19*t + 12. Let s(z) = -6*d(z) - 7*u(z). Determine s(11).
-6
Let u(d) = -3*d + 40. Let v(p) = p - 13. Let l(a) = -3*u(a) - 8*v(a). Calculate l(12).
-4
Let z(j) = -2*j + 4*j**2 + 1 + 2*j + 4*j - 3*j**2. Calculate z(-5).
6
Let n(u) = 5*u - 33. Let q = 1624 - 1610. Give n(q).
37
Let n(k) = -117359*k**2 - 7*k + 22*k - 5 - 2 + 117360*k**2. Give n(-15).
-7
Let f(s) = -s. Let g(r) = 2*r. Let d(a) = -4*f(a) + g(a). Let w be 5*(2/(-5) - -1). Let q = -4 + w. Determine d(q).
-6
Suppose -2*z + l - 1 = 9, 4*l - 28 = 4*z. Let u be (18/15)/(z/(45/(-6))). Let y(d) = -d**3 + 2*d**2 + 4*d - 4. What is y(u)?
-1
Let p(i) = -20*i - 51. Let m(d) = 19*d + 43. Let a(c) = -7*m(c) - 6*p(c). What is a(1)?
-8
Suppose 3*y = 9, -g + 2*y - 3 = -0*g. Let x(d) = 10*d**2 - 68*d + 16. Let p(s) = 7*s**2 - 48*s + 11. Let j(o) = 7*p(o) - 5*x(o). Calculate j(g).
0
Let w be (-63)/(-36) - (-2)/8. Let p(i) = 16*i**3 - 25*i**2 - 45*i + 9. Let r(n) = 3*n**3 - 5*n**2 - 9*n + 2. Let x(k) = w*p(k) - 11*r(k). Determine x(6).
14
Let x(m) = 9*m**2 + 2*m - 1. Let a(g) = g + 9. Let i be a(-7). Suppose -h - 4*b = i*h + 1, h - 3 = 2*b. Determine x(h).
10
Suppose -36*o + 420 = -39*o. Let a = o + 134. Let s(j) be the second derivative of -j**5/20 - 7*j**4/12 - 2*j**3/3 + 2*j**2 - j. Determine s(a).
-8
Let z(k) = -1. Let n(t) = t - 2. Let q(a) = -3*a - 8. Suppose -m + 8*m = -21. Let f be q(m). Let u(c) = f*n(c) - 4*z(c). Calculate u(5).
7
Let l(g) = 2*g. Suppose -3*w + 5*m + 3 = -28, 23 = 4*w - 3*m. Determine l(w).
4
Let c(m) = -2*m - 12. Let i(d) = -d - 7. Let k be i(-3). Let q be c(k). Let x(a) = a + 1 - a - 2*a. Calculate x(q).
9
Let o(u) = 7*u + 6*u - 6*u - 13*u - 1. Determine o(8).
-49
Suppose 0 = -28*j + 37*j - 18. Let a(o) = -o**3 + 2*o**2 + 2*o - 1. Calculate a(j).
3
Let a(q) = -q**2 - 6*q - 4. Let d(l) = 6*l - l**2 - 6*l + 5. Let p be d(3). Determine a(p).
4
Let s(c) = 3*c**2 - c - 1. Let k be s(-1). Suppose k*v + 6 = 24. Let b(q) be the first derivative of q**3/3 - 3*q**2 + 9*q + 17. What is b(v)?
9
Let t = -55 - -57. Let k(u) = 36*u + 4*u**2 - 1 + 5 - 3*u**t - 44*u. Suppose -d - 5 = d - 3*j, -j + 30 = 5*d. Calculate k(d).
-11
Let j(d) = d**3 - 2*d**2 + 2*d - 3. Suppose -11 - 5 = -m - 3*f, 0 = -2*f + 10. Let g be (4 + (-3 - -1))*m. What is j(g)?
1
Suppose n - 5*m + 14 = 0, m = -3*n + 7 + 31. Let h = n - 6. Suppose -6*j + h*j = -1. Let t(u) = 7*u**3 + u**2 - u. What is t(j)?
7
Let n(y) = y**3 + 9*y**2 - 1. Suppose 0 = 3*u - 5*k - 26, -u + 3*k + 6 = -4*u. Suppose 0 = -x + 2*p - 19, 2*p = u*x + 27 + 1. What is n(x)?
-1
Let z = 6 + -3. Let m be z*(1 + -5 + 3). Let q(r) = 1. Let y(o) = o - 6. Let n(u) = -11*q(u) - 2*y(u). Give n(m).
7
Let i = -16 - -18. Let l(r) = -9 - r + i + 9 + 4. Determine l(5).
1
Let c(b) = 13*b + 1. Let k(u) = 4*u - 47. Let z be k(11). Let n be z/9*-12 - 5. Give c(n).
-12
Let g = 13 + 39. Let z = -58 + g. Let u(l) = -l**3 + l**2 + l - 1. Let t(m) = -4*m**3 - 3*m**2 + 5*m + 4. Let k(w) = -t(w) + 3*u(w). What is k(z)?
5
Let g(m) be the third derivative of m**6/120 - m**5/12 + m**4/12 - m**3 - 4*m**2 - 53*m. Suppose 24 = 5*f - 1. Give g(f).
4
Suppose -5*u - 1 = -n, -12*u = -13*u - 1. Let m(k) = -k**3 - 4*k**2 - 5*k - 9. Give m(n).
11
Let t(q) = -q**3 + 6*q**2 + q. Let c(a) = -a**3 + a**2 + 6*a - 2. Let h be c(5). Let g be (-3)/(-2 - 4)*h/(-6). Calculate t(g).
6
Let w(y) = y**2 - 7*y + 4. Let t be w(6). Let k(l) = -2*l + 2 + 2*l**2 - 2 - 7*l + 8*l + l**3. Calculate k(t).
2
Let p be (-6)/(-4)*(-44)/33. Let k(j) be the second derivative of -1/12*j**4 + 4*j + 0 - j**2 + 1/6*j**3. What is k(p)?
-8
Let w(t) = 5*t**2 - 14*t - 3. Let k(u) = -4*u**2 + 11*u + 3. Let x(f) = -6*k(f) - 5*w(f). Calculate x(3).
0
Suppose -5*r + 8 = -4*x - 0*x, -5*r - 4 = 2*x. Suppose 0*j = -5*j + 10. Let i(v) = -3 + j*v + 0 - 3*v - 5. Give i(r).
-8
Let k(h) = h**2 - 1 - 1 + 2*h**3 + 13 - 1 + h. Let v(c) = c**3 - c**2 - c + 1. Let m(y) = k(y) - 3*v(y). Determine m(5).
2
Let w(z) = -z - 15. Let u = 475 + -483. Give w(u).
-7
Let k(j) be the third derivative of j**5/60 + j**4/4 - 13*j**3/6 + j**2 - 40. Calculate k(-7).
-6
Let c(v) = -691*v**2 + 5*v**3 + 343*v**2 + 347*v**2. Calculate c(-1).
-6
Let i(z) = 2*z - 8. Let x be -1 + -15*1/(-3). Calculate i(x).
0
Suppose h + 2*h - 12 = 0. Suppose -h = 4*u - 0*u - 3*b, 0 = 3*u + 2*b - 14. Let m(k) = -2*k**u - 2 + 3*k + k**2 - 1. What is m(2)?
-1
Let g(r) = r**3 + 2*r**2 + 3*r + 1. Let v(f) = 28*f - 86. Let j be v(3). What is g(j)?
-5
Let u(c) = c**3 - 8*c**2 - 10*c + 12. Let v be u(9). Let a(o) be the first derivative of -39 + 1/2*o**2 + 3*o - 1/3*o**3. What is a(v)?
-3
Let v = 1249 - 1255. Let j(l) = -l**3 - 6*l**2 - l + 1. Determine j(v).
7
Let d(o) be the third derivative of o**5/60 + 5*o**4/24 - 5*o**3/6 - 13*o**2 - 3*o. What is d(2)?
9
Let o(h) = -h**2 + 3*h + 3. Let b be (-60)/(-18)*27/15. Let i be b/(-33) + (513/33)/3. Give o(i).
-7
Let i(g) = -16*g**3 - 2*g - 1. Suppose -2*v = v - 2*z - 16, 17 = v - 3*z. Suppose -13*t + v = -12*t. Suppose -s - t = s. Give i(s).
17
Let i(w) be the third derivative of w**6/120 - w**5/12 - w**4/4 - w**3 - 7*w**2 - w. Determine i(6).
-6
Let d(i) = -6 - 5 + 0 + i**3 + 10*i**2 + 7*i. Suppose -114*m + 19*m - 599 - 256 = 0. Determine d(m).
7
Let y = -58 - -66. Let j be (30/(-5) + 2)*(-2)/y. Let q(m) = 6*m**2 - 2*m + 1. Determine q(j).
5
Let c = 3 + -16. Let g = -8 - c. Suppose -4*o - 22 = -5*b, 3*o + 2*o = -g*b - 5. Let i(p) = 4*p - 3. Determine i(b).
5
Suppose -2*r = -69 - 213. Let x = r + -142. Let a(f) = -22*f - 1. What is a(x)?
21
Let i(m) = -m**3 + 5*m**2 + 6*m - 2. Let s(o) = o**2 - 99*o + 476. Let g be s(5). Calculate i(g).
-2
Let a = 25 + -23. Let i be a + 5 - (-1 + 3). Let x(h) be the third derivative of -h**5/60 + h**4/8 + h**3/3 - 17*h**2. Give x(i).
-8
Let u(y) = 6*y + 1. Let w(h) = 5*h + 2. Let x(o) = -3*u(o) + 4*w(o). Suppose -64*b - 34 = 286. Calculate x(b).
-5
Let r = 12 - 22. Let x = -6 - r. Let f(d) = d**3 - 1. Let j(o) = 10*o**3 + o - 3. Let v(g) = x*f(g) - j(g). Give v(-1).
6
Let t = 5 + -24. Let o = t + 21. Let p(a) = -3 + 3 + 3*a + 0 + o. Determine p(-4).
-10
Let g(q) = -2*q. Let u be g(-5). Suppose -u*p - 2*p + 12 = 0. Let y(n) = n**2 - n. Calculate y(p).
0
Let i(j) = -2*j + 1. Let t(s) = -s + 9. Let u(h) = -i(h) + t(h). Calculate u(5).
13
Let z(d) be the third derivative of d**5/60 + d**4/4 - 7*d**3/6 - 6*d**2. Determine z(-7).
0
Suppose -266 = -38*b + 190. Let c(y) = -y**3 + 12*y**2 + 3*y - 8. Give c(b).
28
Let a(d) be the first derivative of -d**4/2 + 7*d - 115. Calculate a(0).
7
Suppose 101 = 4*y + 1. Let d(x) = y*x - 7*x - 9*x - x**2 - 4 - 6*x. What is d(3)?
-4
Let j(h) be the second derivative of 3/2*h**2 + 0 - h - 1/6*h**3. Calculate j(6).
-3
Let s(f) = -5*f**2 - 1. Let n = 232 - 155. Let a = n + -76. Give s(a).
-6
Let a(y) = y**3 - 2*y**2 + 2*y + 1. Suppose -3*j = 5*h - 17, 7 = -h - 5*j + 6. What is a(h)?
41
Let l(c) be the third derivative of -c**5/60 + c**4/6 - c**3/6 - 14*c**2. What is l(5)?
-6
Let f(u) be the second derivative of -u**4/12 + 5*u**3/2 - 7*u**2 - 412*u. What is f(11)?
30
Suppose -6 = d + 6*o - 2*o, 0 = -d + 4*o + 10. Let u be (3/d)/(9/18). Suppose -u*n = 14 + 10. Let t(c) = -2*c - 9. Calculate t(n).
7
Suppose 4 = -2*b - 2*b. Suppose 5*y = -3*c - c + 23, 20 = 4*c + 4*y. Let w(x) = -16 + 10 + 0*x**3 + x**c + 4*x**3 + 7 + x. Give w(b).
-3
Let v = 402 + -400. Let r(t) = 3*t**3 + 4*t**2 - 4*t + 3. Calculate r(v).
35
Let t = -81 - -84. Let l(u) = 3*u - 13*u - u**t + 8*u + 7*u**2 + 4. Determine l(7).
-10
Let f(y) be the first derivative of y**3/3 + 5*y**2/2 - 2. Let k(u) = u**2 - u - 8. Let n be k(-5). Suppose 9*a + n + 32 = 0. What is f(a)?
6
Let u be (-9)/6*(0 + (-4)/(-6)). Let c be 14/(-42) + u/(-3)*1. Let f(i) be the second derivative of -i**5/20 + 13*i**2/2 + i. What is f(c)?
13
Suppose -3 = 2*b + v - 6, 2*v + 8 = 3*b. Let p(x) = -x**b + 5*x**2 + 4*x - 3*x**2 - 1 + 0*x**2. Let o be p(-2). Let t(y) = -y**2 - 5*y + 7. Calculate t(o).
7
Let r(z) = z**2 - 51*z - 54. Let s be r(52). Let h(n) = -5*n**3 + 2*n**2 + 3*n + 1. Determine h(s).
43
Let l(a) = -a. Let m(u) = -u**2 + 11*u. Let s(o) = 2*l(o) + m(o). What is s(8)?
8
Let a(r) = -r**2 - r + 2. Suppose 0 = -5*t + 19 - 4. Suppose -t - 18 = -7*b. Give a(b).
-10
